{"id":20,"date":"2016-12-29T14:52:18","date_gmt":"2016-12-29T13:52:18","guid":{"rendered":"http:\/\/www.iocentro.it\/?page_id=20"},"modified":"2019-03-20T15:25:56","modified_gmt":"2019-03-20T14:25:56","slug":"la-nostra-storia","status":"publish","type":"page","link":"https:\/\/www.iocentro.it\/index.php\/la-nostra-storia\/","title":{"rendered":"La Nostra Storia"},"content":{"rendered":"<p style=\"text-align: right;\"><em><strong><img data-attachment-id=\"572\" data-permalink=\"https:\/\/www.iocentro.it\/index.php\/la-nostra-storia\/il-centro-onlus-centro-permanente-di-prevenzione-alle-tossicodipendenze-2-3\/\" data-orig-file=\"https:\/\/i0.wp.com\/www.iocentro.it\/wp-content\/uploads\/2019\/03\/Il-centro-Onlus-Centro-Permanente-di-Prevenzione-alle-Tossicodipendenze-2-2.png?fit=734%2C1100&amp;ssl=1\" data-orig-size=\"734,1100\" data-comments-opened=\"1\" data-image-meta=\"{&quot;aperture&quot;:&quot;0&quot;,&quot;credit&quot;:&quot;&quot;,&quot;camera&quot;:&quot;&quot;,&quot;caption&quot;:&quot;&quot;,&quot;created_timestamp&quot;:&quot;0&quot;,&quot;copyright&quot;:&quot;&quot;,&quot;focal_length&quot;:&quot;0&quot;,&quot;iso&quot;:&quot;0&quot;,&quot;shutter_speed&quot;:&quot;0&quot;,&quot;title&quot;:&quot;&quot;,&quot;orientation&quot;:&quot;0&quot;}\" data-image-title=\"Il centro Onlus Centro Permanente di Prevenzione alle Tossicodipendenze 2\" data-image-description=\"\" data-image-caption=\"\" data-medium-file=\"https:\/\/i0.wp.com\/www.iocentro.it\/wp-content\/uploads\/2019\/03\/Il-centro-Onlus-Centro-Permanente-di-Prevenzione-alle-Tossicodipendenze-2-2.png?fit=200%2C300&amp;ssl=1\" data-large-file=\"https:\/\/i0.wp.com\/www.iocentro.it\/wp-content\/uploads\/2019\/03\/Il-centro-Onlus-Centro-Permanente-di-Prevenzione-alle-Tossicodipendenze-2-2.png?fit=683%2C1024&amp;ssl=1\" decoding=\"async\" loading=\"lazy\" class=\"size-medium wp-image-572 alignleft\" src=\"https:\/\/i0.wp.com\/www.iocentro.it\/wp-content\/uploads\/2019\/03\/Il-centro-Onlus-Centro-Permanente-di-Prevenzione-alle-Tossicodipendenze-2-2-200x300.png?resize=200%2C300\" alt=\"\" width=\"200\" height=\"300\" srcset=\"https:\/\/i0.wp.com\/www.iocentro.it\/wp-content\/uploads\/2019\/03\/Il-centro-Onlus-Centro-Permanente-di-Prevenzione-alle-Tossicodipendenze-2-2.png?resize=200%2C300&amp;ssl=1 200w, https:\/\/i0.wp.com\/www.iocentro.it\/wp-content\/uploads\/2019\/03\/Il-centro-Onlus-Centro-Permanente-di-Prevenzione-alle-Tossicodipendenze-2-2.png?resize=683%2C1024&amp;ssl=1 683w, https:\/\/i0.wp.com\/www.iocentro.it\/wp-content\/uploads\/2019\/03\/Il-centro-Onlus-Centro-Permanente-di-Prevenzione-alle-Tossicodipendenze-2-2.png?w=734&amp;ssl=1 734w\" sizes=\"(max-width: 200px) 100vw, 200px\" data-recalc-dims=\"1\" \/>Il Centro<\/strong><\/em> lavora da 39 anni a contatto con il disagio giovanile, con particolare attenzione ai problemi della tossicodipendenza e della devianza.<\/p>\n<p style=\"text-align: right;\">Quando Casal Bertone diventa un quartiere <em>caldo<\/em> in cui <strong>il fenomeno droga appena emergente si connota come un problema drammaticamente visibile<\/strong>, alcuni genitori del quartiere decidono di non stare a guardare e di impegnarsi attivamente per <strong>fare <\/strong>qualcosa di concreto.<\/p>\n<p style=\"text-align: right;\">Dalla loro forza di volont\u00e0, nel 1980 nasce il <em><strong>Centro di Prevenzione Permanente alle Tossicodipendenze<\/strong><\/em>.<\/p>\n<hr \/>\n<p><img data-attachment-id=\"574\" data-permalink=\"https:\/\/www.iocentro.it\/index.php\/la-nostra-storia\/il-centro-onlus-centro-permanente-di-prevenzione-alle-tossicodipendenze-6\/\" data-orig-file=\"https:\/\/i0.wp.com\/www.iocentro.it\/wp-content\/uploads\/2019\/03\/Il-centro-Onlus-Centro-Permanente-di-Prevenzione-alle-Tossicodipendenze-5.png?fit=734%2C1100&amp;ssl=1\" data-orig-size=\"734,1100\" data-comments-opened=\"1\" data-image-meta=\"{&quot;aperture&quot;:&quot;0&quot;,&quot;credit&quot;:&quot;&quot;,&quot;camera&quot;:&quot;&quot;,&quot;caption&quot;:&quot;&quot;,&quot;created_timestamp&quot;:&quot;0&quot;,&quot;copyright&quot;:&quot;&quot;,&quot;focal_length&quot;:&quot;0&quot;,&quot;iso&quot;:&quot;0&quot;,&quot;shutter_speed&quot;:&quot;0&quot;,&quot;title&quot;:&quot;&quot;,&quot;orientation&quot;:&quot;0&quot;}\" data-image-title=\"Il centro Onlus Centro Permanente di Prevenzione alle Tossicodipendenze\" data-image-description=\"\" data-image-caption=\"\" data-medium-file=\"https:\/\/i0.wp.com\/www.iocentro.it\/wp-content\/uploads\/2019\/03\/Il-centro-Onlus-Centro-Permanente-di-Prevenzione-alle-Tossicodipendenze-5.png?fit=200%2C300&amp;ssl=1\" data-large-file=\"https:\/\/i0.wp.com\/www.iocentro.it\/wp-content\/uploads\/2019\/03\/Il-centro-Onlus-Centro-Permanente-di-Prevenzione-alle-Tossicodipendenze-5.png?fit=683%2C1024&amp;ssl=1\" decoding=\"async\" loading=\"lazy\" class=\"size-medium wp-image-574 alignright\" src=\"https:\/\/i0.wp.com\/www.iocentro.it\/wp-content\/uploads\/2019\/03\/Il-centro-Onlus-Centro-Permanente-di-Prevenzione-alle-Tossicodipendenze-5-200x300.png?resize=200%2C300\" alt=\"\" width=\"200\" height=\"300\" srcset=\"https:\/\/i0.wp.com\/www.iocentro.it\/wp-content\/uploads\/2019\/03\/Il-centro-Onlus-Centro-Permanente-di-Prevenzione-alle-Tossicodipendenze-5.png?resize=200%2C300&amp;ssl=1 200w, https:\/\/i0.wp.com\/www.iocentro.it\/wp-content\/uploads\/2019\/03\/Il-centro-Onlus-Centro-Permanente-di-Prevenzione-alle-Tossicodipendenze-5.png?resize=683%2C1024&amp;ssl=1 683w, https:\/\/i0.wp.com\/www.iocentro.it\/wp-content\/uploads\/2019\/03\/Il-centro-Onlus-Centro-Permanente-di-Prevenzione-alle-Tossicodipendenze-5.png?w=734&amp;ssl=1 734w\" sizes=\"(max-width: 200px) 100vw, 200px\" data-recalc-dims=\"1\" \/><\/p>\n<p style=\"text-align: left;\">Inizialmente, la Struttura guarda al fenomeno esclusivamente con l\u2019occhio della prevenzione e opera attivamente su questa linea. <strong><span style=\"color: #ff0000;\">L\u2019idea \u00e8 quella di dare ai giovani un\u2019opportunit\u00e0 d\u2019incontro e di aggregazione che non sia la strada.<\/span><\/strong><\/p>\n<p style=\"text-align: left;\">Con il tempo, ai primi volontari si aggiungono figure professionali qualificate (psicologi, psicoterapeuti e assistenti sociali) e l\u2019intervento va sempre pi\u00f9 specializzandosi.<\/p>\n<p style=\"text-align: left;\">Dal 1990 si attivano <em><strong>Programmi Terapeutici Diurni<\/strong><\/em> (PTD). Per PTD intendiamo un modello di Comunit\u00e0 Terapeutica aperta a persone con problemi con le sostanze e ai loro familiari. Tale programma prevede una frequenza giornaliera presso i nostri locali collocati al centro del quartiere.<\/p>\n<p><strong>Dal 1995 in poi abbiamo sviluppato programmi specifici centrati su altri modelli di dipendenza, dai consumatori di ecstasy ai giocatori compulsivi.<\/strong><\/p>\n<hr \/>\n<p><img data-attachment-id=\"578\" data-permalink=\"https:\/\/www.iocentro.it\/index.php\/la-nostra-storia\/pablo1\/\" data-orig-file=\"https:\/\/i0.wp.com\/www.iocentro.it\/wp-content\/uploads\/2019\/03\/pablo1.png?fit=1024%2C512&amp;ssl=1\" data-orig-size=\"1024,512\" data-comments-opened=\"1\" data-image-meta=\"{&quot;aperture&quot;:&quot;0&quot;,&quot;credit&quot;:&quot;&quot;,&quot;camera&quot;:&quot;&quot;,&quot;caption&quot;:&quot;&quot;,&quot;created_timestamp&quot;:&quot;0&quot;,&quot;copyright&quot;:&quot;&quot;,&quot;focal_length&quot;:&quot;0&quot;,&quot;iso&quot;:&quot;0&quot;,&quot;shutter_speed&quot;:&quot;0&quot;,&quot;title&quot;:&quot;&quot;,&quot;orientation&quot;:&quot;0&quot;}\" data-image-title=\"Il centro Onlus Centro Permanente di Prevenzione alle Tossicodipendenze\" data-image-description=\"\" data-image-caption=\"\" data-medium-file=\"https:\/\/i0.wp.com\/www.iocentro.it\/wp-content\/uploads\/2019\/03\/pablo1.png?fit=300%2C150&amp;ssl=1\" data-large-file=\"https:\/\/i0.wp.com\/www.iocentro.it\/wp-content\/uploads\/2019\/03\/pablo1.png?fit=1024%2C512&amp;ssl=1\" decoding=\"async\" loading=\"lazy\" class=\"size-medium wp-image-578 aligncenter\" src=\"https:\/\/i0.wp.com\/www.iocentro.it\/wp-content\/uploads\/2019\/03\/pablo1-300x150.png?resize=300%2C150\" alt=\"Il centro Onlus Centro Permanente di Prevenzione alle Tossicodipendenze\" width=\"300\" height=\"150\" srcset=\"https:\/\/i0.wp.com\/www.iocentro.it\/wp-content\/uploads\/2019\/03\/pablo1.png?resize=300%2C150&amp;ssl=1 300w, https:\/\/i0.wp.com\/www.iocentro.it\/wp-content\/uploads\/2019\/03\/pablo1.png?resize=768%2C384&amp;ssl=1 768w, https:\/\/i0.wp.com\/www.iocentro.it\/wp-content\/uploads\/2019\/03\/pablo1.png?w=1024&amp;ssl=1 1024w\" sizes=\"(max-width: 300px) 100vw, 300px\" data-recalc-dims=\"1\" \/><\/p>\n<p style=\"text-align: center;\">Attualmente il Centro \u00e8 impegnato in modo continuativo a fornire aggiornamento, consulenza e sostegno sui temi della prevenzione del disagio a chiunque ne faccia espressa richiesta (Enti pubblici e privati).<\/p>\n<p style=\"text-align: center;\">La nostra filosofia di intervento privilegia prevalentemente <strong><span style=\"color: #ff0000;\">l\u2019attivazione e il rafforzamento di tutte le risorse individuali e sociali.<\/span><\/strong><\/p>\n<p style=\"text-align: center;\">Molto del nostro lavoro \u00e8 orientato a fornire gli strumenti e le strategie pi\u00f9 utili per offrire un supporto concreto alle persone che richiedono aiuto (soggetti a rischio o con dipendenza conclamata), e ai loro familiari .<\/p>\n","protected":false},"excerpt":{"rendered":"<p>Il Centro lavora da 39 anni a contatto con il disagio giovanile, con particolare attenzione ai problemi della tossicodipendenza e della devianza. Quando Casal Bertone diventa un quartiere caldo in cui il fenomeno droga&#46;&#46;&#46;<\/p>\n","protected":false},"author":5,"featured_media":0,"parent":0,"menu_order":0,"comment_status":"closed","ping_status":"closed","template":"","meta":{"jetpack_post_was_ever_published":false},"yoast_head":"<!-- This site is optimized with the Yoast SEO plugin v20.4 - https:\/\/yoast.com\/wordpress\/plugins\/seo\/ -->\r\n<title>La Nostra Storia - IO CENTRO ETS<\/title>\r\n<meta name=\"robots\" content=\"index, follow, max-snippet:-1, max-image-preview:large, max-video-preview:-1\" \/>\r\n<link rel=\"canonical\" href=\"https:\/\/www.iocentro.it\/index.php\/la-nostra-storia\/\" \/>\r\n<meta property=\"og:locale\" content=\"it_IT\" \/>\r\n<meta property=\"og:type\" content=\"article\" \/>\r\n<meta property=\"og:title\" content=\"La Nostra Storia - IO CENTRO ETS\" \/>\r\n<meta property=\"og:description\" content=\"Il Centro lavora da 39 anni a contatto con il disagio giovanile, con particolare attenzione ai problemi della tossicodipendenza e della devianza. Quando Casal Bertone diventa un quartiere caldo in cui il fenomeno droga&#046;&#046;&#046;\" \/>\r\n<meta property=\"og:url\" content=\"https:\/\/www.iocentro.it\/index.php\/la-nostra-storia\/\" \/>\r\n<meta property=\"og:site_name\" content=\"IO CENTRO ETS\" \/>\r\n<meta property=\"article:modified_time\" content=\"2019-03-20T14:25:56+00:00\" \/>\r\n<meta property=\"og:image\" content=\"http:\/\/www.iocentro.it\/wp-content\/uploads\/2019\/03\/Il-centro-Onlus-Centro-Permanente-di-Prevenzione-alle-Tossicodipendenze-2-2-200x300.png\" \/>\r\n<meta name=\"twitter:card\" content=\"summary_large_image\" \/>\r\n<meta name=\"twitter:label1\" content=\"Tempo di lettura stimato\" \/>\n\t<meta name=\"twitter:data1\" content=\"1 minuto\" \/>\r\n<script type=\"application\/ld+json\" class=\"yoast-schema-graph\">{\"@context\":\"https:\/\/schema.org\",\"@graph\":[{\"@type\":\"WebPage\",\"@id\":\"https:\/\/www.iocentro.it\/index.php\/la-nostra-storia\/\",\"url\":\"https:\/\/www.iocentro.it\/index.php\/la-nostra-storia\/\",\"name\":\"La Nostra Storia - IO CENTRO ETS\",\"isPartOf\":{\"@id\":\"https:\/\/www.iocentro.it\/#website\"},\"datePublished\":\"2016-12-29T13:52:18+00:00\",\"dateModified\":\"2019-03-20T14:25:56+00:00\",\"breadcrumb\":{\"@id\":\"https:\/\/www.iocentro.it\/index.php\/la-nostra-storia\/#breadcrumb\"},\"inLanguage\":\"it-IT\",\"potentialAction\":[{\"@type\":\"ReadAction\",\"target\":[\"https:\/\/www.iocentro.it\/index.php\/la-nostra-storia\/\"]}]},{\"@type\":\"BreadcrumbList\",\"@id\":\"https:\/\/www.iocentro.it\/index.php\/la-nostra-storia\/#breadcrumb\",\"itemListElement\":[{\"@type\":\"ListItem\",\"position\":1,\"name\":\"Home\",\"item\":\"https:\/\/www.iocentro.it\/\"},{\"@type\":\"ListItem\",\"position\":2,\"name\":\"La Nostra Storia\"}]},{\"@type\":\"WebSite\",\"@id\":\"https:\/\/www.iocentro.it\/#website\",\"url\":\"https:\/\/www.iocentro.it\/\",\"name\":\"IO CENTRO ETS\",\"description\":\"\",\"publisher\":{\"@id\":\"https:\/\/www.iocentro.it\/#organization\"},\"potentialAction\":[{\"@type\":\"SearchAction\",\"target\":{\"@type\":\"EntryPoint\",\"urlTemplate\":\"https:\/\/www.iocentro.it\/?s={search_term_string}\"},\"query-input\":\"required name=search_term_string\"}],\"inLanguage\":\"it-IT\"},{\"@type\":\"Organization\",\"@id\":\"https:\/\/www.iocentro.it\/#organization\",\"name\":\"Il Centro Onlus\",\"url\":\"https:\/\/www.iocentro.it\/\",\"logo\":{\"@type\":\"ImageObject\",\"inLanguage\":\"it-IT\",\"@id\":\"https:\/\/www.iocentro.it\/#\/schema\/logo\/image\/\",\"url\":\"https:\/\/i0.wp.com\/www.iocentro.it\/wp-content\/uploads\/2016\/11\/11752500_864253846944141_6257452516392300229_n.jpg?fit=200%2C200&ssl=1\",\"contentUrl\":\"https:\/\/i0.wp.com\/www.iocentro.it\/wp-content\/uploads\/2016\/11\/11752500_864253846944141_6257452516392300229_n.jpg?fit=200%2C200&ssl=1\",\"width\":200,\"height\":200,\"caption\":\"Il Centro Onlus\"},\"image\":{\"@id\":\"https:\/\/www.iocentro.it\/#\/schema\/logo\/image\/\"}}]}<\/script>\r\n<!-- \/ Yoast SEO plugin. -->","yoast_head_json":{"title":"La Nostra Storia - IO CENTRO ETS","robots":{"index":"index","follow":"follow","max-snippet":"max-snippet:-1","max-image-preview":"max-image-preview:large","max-video-preview":"max-video-preview:-1"},"canonical":"https:\/\/www.iocentro.it\/index.php\/la-nostra-storia\/","og_locale":"it_IT","og_type":"article","og_title":"La Nostra Storia - IO CENTRO ETS","og_description":"Il Centro lavora da 39 anni a contatto con il disagio giovanile, con particolare attenzione ai problemi della tossicodipendenza e della devianza. Quando Casal Bertone diventa un quartiere caldo in cui il fenomeno droga&#46;&#46;&#46;","og_url":"https:\/\/www.iocentro.it\/index.php\/la-nostra-storia\/","og_site_name":"IO CENTRO ETS","article_modified_time":"2019-03-20T14:25:56+00:00","og_image":[{"url":"http:\/\/www.iocentro.it\/wp-content\/uploads\/2019\/03\/Il-centro-Onlus-Centro-Permanente-di-Prevenzione-alle-Tossicodipendenze-2-2-200x300.png"}],"twitter_card":"summary_large_image","twitter_misc":{"Tempo di lettura stimato":"1 minuto"},"schema":{"@context":"https:\/\/schema.org","@graph":[{"@type":"WebPage","@id":"https:\/\/www.iocentro.it\/index.php\/la-nostra-storia\/","url":"https:\/\/www.iocentro.it\/index.php\/la-nostra-storia\/","name":"La Nostra Storia - IO CENTRO ETS","isPartOf":{"@id":"https:\/\/www.iocentro.it\/#website"},"datePublished":"2016-12-29T13:52:18+00:00","dateModified":"2019-03-20T14:25:56+00:00","breadcrumb":{"@id":"https:\/\/www.iocentro.it\/index.php\/la-nostra-storia\/#breadcrumb"},"inLanguage":"it-IT","potentialAction":[{"@type":"ReadAction","target":["https:\/\/www.iocentro.it\/index.php\/la-nostra-storia\/"]}]},{"@type":"BreadcrumbList","@id":"https:\/\/www.iocentro.it\/index.php\/la-nostra-storia\/#breadcrumb","itemListElement":[{"@type":"ListItem","position":1,"name":"Home","item":"https:\/\/www.iocentro.it\/"},{"@type":"ListItem","position":2,"name":"La Nostra Storia"}]},{"@type":"WebSite","@id":"https:\/\/www.iocentro.it\/#website","url":"https:\/\/www.iocentro.it\/","name":"IO CENTRO ETS","description":"","publisher":{"@id":"https:\/\/www.iocentro.it\/#organization"},"potentialAction":[{"@type":"SearchAction","target":{"@type":"EntryPoint","urlTemplate":"https:\/\/www.iocentro.it\/?s={search_term_string}"},"query-input":"required name=search_term_string"}],"inLanguage":"it-IT"},{"@type":"Organization","@id":"https:\/\/www.iocentro.it\/#organization","name":"Il Centro Onlus","url":"https:\/\/www.iocentro.it\/","logo":{"@type":"ImageObject","inLanguage":"it-IT","@id":"https:\/\/www.iocentro.it\/#\/schema\/logo\/image\/","url":"https:\/\/i0.wp.com\/www.iocentro.it\/wp-content\/uploads\/2016\/11\/11752500_864253846944141_6257452516392300229_n.jpg?fit=200%2C200&ssl=1","contentUrl":"https:\/\/i0.wp.com\/www.iocentro.it\/wp-content\/uploads\/2016\/11\/11752500_864253846944141_6257452516392300229_n.jpg?fit=200%2C200&ssl=1","width":200,"height":200,"caption":"Il Centro Onlus"},"image":{"@id":"https:\/\/www.iocentro.it\/#\/schema\/logo\/image\/"}}]}},"jetpack_sharing_enabled":true,"jetpack_shortlink":"https:\/\/wp.me\/P8kDNl-k","jetpack-related-posts":[{"id":406,"url":"https:\/\/www.iocentro.it\/index.php\/centro-tutti-centriamo\/","url_meta":{"origin":20,"position":0},"title":"Io c&#8217;entro, tutti c&#8217;entriamo!","date":false,"format":false,"excerpt":"Verso un'ecologia della mente solidale Abitiamo questo pianeta da millenni e stiamo solo crescendo numericamente. Lo occuperemo fino a farlo scoppiare. Per avere pi\u00f9 spazio non servir\u00e0 sgomitare sullo stomaco dell'altro. Abitare uno spazio non significher\u00e0 mai occuparlo, ma farselo proprio, sentirlo ed amarlo. Una mente sola pu\u00f2 solo tentare\u2026","rel":"","context":"Articolo simile","img":{"alt_text":"","src":"https:\/\/i0.wp.com\/www.iocentro.it\/wp-content\/uploads\/2019\/03\/Il-centro-Onlus-Centro-Permanente-di-Prevenzione-alle-Tossicodipendenze-2-1-300x300.png?resize=350%2C200","width":350,"height":200},"classes":[]},{"id":322,"url":"https:\/\/www.iocentro.it\/index.php\/guardamifuori\/","url_meta":{"origin":20,"position":1},"title":"GUARDAMI FUORI NON GUARDARMI DENTRO","date":false,"format":false,"excerpt":"\"GUARDAMI FUORI, NON GUARDARMI DENTRO\" Ancora una Mostra Fotografica sul Tatuaggio e sul Corpo Tatuato. Ancora un tentativo di documentare il bisogno umano di mostrare, di raccontarsi senza svelarsi troppo. Ancora una prova di dolore e piacere che affonda nella carne, un'esperienza espressiva che travalica la parola. Ancora una ricerca\u2026","rel":"","context":"Articolo simile","img":{"alt_text":"","src":"https:\/\/i0.wp.com\/www.iocentro.it\/wp-content\/uploads\/2017\/05\/mostra7320-213x300.jpg?resize=350%2C200","width":350,"height":200},"classes":[]},{"id":626,"url":"https:\/\/www.iocentro.it\/index.php\/centro-clinico-blu-klein\/","url_meta":{"origin":20,"position":2},"title":"Centro Clinico Blu Klein","date":false,"format":false,"excerpt":"Nel 2015, come Servizio aggiuntivo al nostro Centro, nasce il\u00a0Centro Clinico Blu Klein. L'obiettivo del Centro Clinico \u00e8 quello di rispondere alle molteplici esigenze di intervento psicosociale che vanno oltre i servizi offerti dalla comunit\u00e0 e di offrire un sostegno psicologico a prezzi contenuti, rendendo cos\u00ec il benessere psicologico e\u2026","rel":"","context":"Articolo simile","img":{"alt_text":"","src":"","width":0,"height":0},"classes":[]},{"id":200,"url":"https:\/\/www.iocentro.it\/index.php\/testimonianze\/","url_meta":{"origin":20,"position":3},"title":"Testimonianze","date":false,"format":false,"excerpt":"\u00a0 Io continuo a far passare le mie\u00a0giornate convinto del fatto che sono vicino alla m\u00e8ta ed in me c\u2019\u00e8 la certezza di essere quasi arrivato. Questo mi rende fiero, ma sento che mi manca qualcosa: la libert\u00e0. Ho iniziato questa giornata veramente col malumore, ma veramente devo dire che\u2026","rel":"","context":"Articolo simile","img":{"alt_text":"","src":"https:\/\/i0.wp.com\/www.iocentro.it\/wp-content\/uploads\/2017\/05\/2017-15-6-17-33-03-300x225.jpeg?resize=350%2C200","width":350,"height":200},"classes":[]},{"id":614,"url":"https:\/\/www.iocentro.it\/index.php\/tirocini-formativi\/","url_meta":{"origin":20,"position":4},"title":"Tirocini formativi","date":false,"format":false,"excerpt":"Il Centro \u00e8 convenzionato con le Facolt\u00e0 di Psicologia di diverse Universit\u00e0 per lo svolgimento del tirocinio formativo post lauream. In particolare, sono convenzionati 3 posti a semestre con l'Universit\u00e0 \"Sapienza\" di Roma. Presso Il Centro \u00e8 possibile effettuare inoltre il tirocinio formativo per la Scuola di specializzazione in psicoterapia.\u2026","rel":"","context":"Articolo simile","img":{"alt_text":"","src":"","width":0,"height":0},"classes":[]},{"id":31,"url":"https:\/\/www.iocentro.it\/index.php\/contatti\/","url_meta":{"origin":20,"position":5},"title":"Contatti","date":false,"format":false,"excerpt":"Via di Pietralatella SNC,\u00a000159 Roma\u00a0\u25cf Quartiere Casalbertone PER INFO E APPUNTAMENTI: Tel. \/ Fax 06 4382379 \u25cf\u00a0Cell. 347 4728757 \u00a0 APERTO DAL LUNED\u00cc AL VENERD\u00cc ORE 09:00 \u2013 18:00 ilcentroonlus@gmail.com Potete inoltre contattarci sulla nostra\u00a0pagina Facebook!","rel":"","context":"Articolo simile","img":{"alt_text":"","src":"","width":0,"height":0},"classes":[]}],"_links":{"self":[{"href":"https:\/\/www.iocentro.it\/index.php\/wp-json\/wp\/v2\/pages\/20"}],"collection":[{"href":"https:\/\/www.iocentro.it\/index.php\/wp-json\/wp\/v2\/pages"}],"about":[{"href":"https:\/\/www.iocentro.it\/index.php\/wp-json\/wp\/v2\/types\/page"}],"author":[{"embeddable":true,"href":"https:\/\/www.iocentro.it\/index.php\/wp-json\/wp\/v2\/users\/5"}],"replies":[{"embeddable":true,"href":"https:\/\/www.iocentro.it\/index.php\/wp-json\/wp\/v2\/comments?post=20"}],"version-history":[{"count":21,"href":"https:\/\/www.iocentro.it\/index.php\/wp-json\/wp\/v2\/pages\/20\/revisions"}],"predecessor-version":[{"id":736,"href":"https:\/\/www.iocentro.it\/index.php\/wp-json\/wp\/v2\/pages\/20\/revisions\/736"}],"wp:attachment":[{"href":"https:\/\/www.iocentro.it\/index.php\/wp-json\/wp\/v2\/media?parent=20"}],"curies":[{"name":"wp","href":"https:\/\/api.w.org\/{rel}","templated":true}]}}