{"id":322,"date":"2017-05-15T13:17:58","date_gmt":"2017-05-15T11:17:58","guid":{"rendered":"http:\/\/www.iocentro.it\/?page_id=322"},"modified":"2019-03-20T15:14:00","modified_gmt":"2019-03-20T14:14:00","slug":"guardamifuori","status":"publish","type":"page","link":"https:\/\/www.iocentro.it\/index.php\/guardamifuori\/","title":{"rendered":"GUARDAMI FUORI NON GUARDARMI DENTRO"},"content":{"rendered":"<h1 style=\"text-align: center;\">&#8220;GUARDAMI FUORI,<br \/>\nNON GUARDARMI DENTRO&#8221;<\/h1>\n<div id=\"attachment_324\" style=\"width: 490px\" class=\"wp-caption aligncenter\"><img aria-describedby=\"caption-attachment-324\" data-attachment-id=\"324\" data-permalink=\"https:\/\/www.iocentro.it\/index.php\/guardamifuori\/mostra7320\/\" data-orig-file=\"https:\/\/i0.wp.com\/www.iocentro.it\/wp-content\/uploads\/2017\/05\/mostra7320.jpg?fit=404%2C568&amp;ssl=1\" data-orig-size=\"404,568\" data-comments-opened=\"1\" data-image-meta=\"{&quot;aperture&quot;:&quot;0&quot;,&quot;credit&quot;:&quot;&quot;,&quot;camera&quot;:&quot;&quot;,&quot;caption&quot;:&quot;&quot;,&quot;created_timestamp&quot;:&quot;0&quot;,&quot;copyright&quot;:&quot;&quot;,&quot;focal_length&quot;:&quot;0&quot;,&quot;iso&quot;:&quot;0&quot;,&quot;shutter_speed&quot;:&quot;0&quot;,&quot;title&quot;:&quot;&quot;,&quot;orientation&quot;:&quot;0&quot;}\" data-image-title=\"mostra[7320]\" data-image-description=\"\" data-image-caption=\"\" data-medium-file=\"https:\/\/i0.wp.com\/www.iocentro.it\/wp-content\/uploads\/2017\/05\/mostra7320.jpg?fit=213%2C300&amp;ssl=1\" data-large-file=\"https:\/\/i0.wp.com\/www.iocentro.it\/wp-content\/uploads\/2017\/05\/mostra7320.jpg?fit=404%2C568&amp;ssl=1\" decoding=\"async\" loading=\"lazy\" class=\"wp-image-324\" src=\"https:\/\/i0.wp.com\/www.iocentro.it\/wp-content\/uploads\/2017\/05\/mostra7320-213x300.jpg?resize=480%2C676\" alt=\"\" width=\"480\" height=\"676\" srcset=\"https:\/\/i0.wp.com\/www.iocentro.it\/wp-content\/uploads\/2017\/05\/mostra7320.jpg?resize=213%2C300&amp;ssl=1 213w, https:\/\/i0.wp.com\/www.iocentro.it\/wp-content\/uploads\/2017\/05\/mostra7320.jpg?w=404&amp;ssl=1 404w\" sizes=\"(max-width: 480px) 100vw, 480px\" data-recalc-dims=\"1\" \/><p id=\"caption-attachment-324\" class=\"wp-caption-text\">\u201cLe parole sono il cane che hai a casa,<br \/>i disegni dei tatuaggi sono il lupo che incontri nel bosco.<br \/>Non siamo noi a dominare i simboli,<br \/>sono loro a muovere la nostra vita\u201d<br \/><strong>Nicolai Lilin<\/strong>, <strong><em>Educazione Siberiana<\/em><\/strong><\/p><\/div>\n<p style=\"text-align: center;\">Ancora una Mostra Fotografica sul <strong>Tatuaggio<\/strong><br \/>\ne sul Corpo Tatuato.<br \/>\nAncora un tentativo di documentare<br \/>\nil bisogno umano di <strong>mostrare<\/strong>,<br \/>\ndi raccontarsi senza svelarsi troppo.<br \/>\nAncora una prova di <strong>dolore e piacere<\/strong> che affonda nella carne,<br \/>\nun&#8217;esperienza espressiva che travalica la parola.<br \/>\nAncora una ricerca di <strong>Tribale<\/strong>,<br \/>\nun viaggio nell\u2019<em>Africa interiore<\/em> di Conrad.<br \/>\nAncora un <strong>Paesaggio<\/strong> da interpretare.<br \/>\nAncora Atavismo e Primitivismo.<br \/>\nAncora <strong>emozioni<\/strong> incise<br \/>\nperch\u00e9 possano sentirsi bene.<br \/>\nAncora Erotismo epidermico.<br \/>\nAncora Tatuaggi,<br \/>\ncolti dalla macchina fotografica di <strong>Vincenzo Grenci<\/strong>.<\/p>\n<h5 style=\"text-align: center;\"><a href=\"https:\/\/www.facebook.com\/events\/1301985676583398\/\" target=\"_blank\" rel=\"noopener noreferrer\">Incontriamoci e parliamone!<\/a><\/h5>\n<p style=\"text-align: center;\"><strong>NUOVO CINEMA PALAZZO<\/strong><br \/>\n<strong> PIAZZA DEI SANNITI 9A<\/strong><br \/>\n<strong> QUARTIERE SAN LORENZO &#8211; ROMA<\/strong><br \/>\n<strong> 26-27-28 maggio, 09:00-18:00<\/strong><\/p>\n","protected":false},"excerpt":{"rendered":"<p>&#8220;GUARDAMI FUORI, NON GUARDARMI DENTRO&#8221; Ancora una Mostra Fotografica sul Tatuaggio e sul Corpo Tatuato. Ancora un tentativo di documentare il bisogno umano di mostrare, di raccontarsi senza svelarsi troppo. Ancora una prova di&#46;&#46;&#46;<\/p>\n","protected":false},"author":5,"featured_media":0,"parent":0,"menu_order":0,"comment_status":"closed","ping_status":"closed","template":"","meta":{"jetpack_post_was_ever_published":false},"yoast_head":"<!-- This site is optimized with the Yoast SEO plugin v20.4 - https:\/\/yoast.com\/wordpress\/plugins\/seo\/ -->\r\n<title>Guardami fuori, non guardarmi dentro - Mostra fotografica<\/title>\r\n<meta name=\"description\" content=\"Mostra fotografica sul tatuaggio e sul corpo tatuato. Mostrare raccontarsi senza svelarsi troppo. Nuovo Cinema Palazzo, San Lorenzo, Roma.\" \/>\r\n<meta name=\"robots\" content=\"index, follow, max-snippet:-1, max-image-preview:large, max-video-preview:-1\" \/>\r\n<link rel=\"canonical\" href=\"https:\/\/www.iocentro.it\/index.php\/guardamifuori\/\" \/>\r\n<meta property=\"og:locale\" content=\"it_IT\" \/>\r\n<meta property=\"og:type\" content=\"article\" \/>\r\n<meta property=\"og:title\" content=\"Guardami fuori, non guardarmi dentro - Mostra fotografica\" \/>\r\n<meta property=\"og:description\" content=\"Mostra fotografica sul tatuaggio e sul corpo tatuato. Mostrare raccontarsi senza svelarsi troppo. Nuovo Cinema Palazzo, San Lorenzo, Roma.\" \/>\r\n<meta property=\"og:url\" content=\"https:\/\/www.iocentro.it\/index.php\/guardamifuori\/\" \/>\r\n<meta property=\"og:site_name\" content=\"IO CENTRO ETS\" \/>\r\n<meta property=\"article:modified_time\" content=\"2019-03-20T14:14:00+00:00\" \/>\r\n<meta property=\"og:image\" content=\"http:\/\/www.iocentro.it\/wp-content\/uploads\/2017\/05\/mostra7320-213x300.jpg\" \/>\r\n<meta name=\"twitter:card\" content=\"summary_large_image\" \/>\r\n<meta name=\"twitter:label1\" content=\"Tempo di lettura stimato\" \/>\n\t<meta name=\"twitter:data1\" content=\"1 minuto\" \/>\r\n<script type=\"application\/ld+json\" class=\"yoast-schema-graph\">{\"@context\":\"https:\/\/schema.org\",\"@graph\":[{\"@type\":\"WebPage\",\"@id\":\"https:\/\/www.iocentro.it\/index.php\/guardamifuori\/\",\"url\":\"https:\/\/www.iocentro.it\/index.php\/guardamifuori\/\",\"name\":\"Guardami fuori, non guardarmi dentro - Mostra fotografica\",\"isPartOf\":{\"@id\":\"https:\/\/www.iocentro.it\/#website\"},\"datePublished\":\"2017-05-15T11:17:58+00:00\",\"dateModified\":\"2019-03-20T14:14:00+00:00\",\"description\":\"Mostra fotografica sul tatuaggio e sul corpo tatuato. Mostrare raccontarsi senza svelarsi troppo. Nuovo Cinema Palazzo, San Lorenzo, Roma.\",\"breadcrumb\":{\"@id\":\"https:\/\/www.iocentro.it\/index.php\/guardamifuori\/#breadcrumb\"},\"inLanguage\":\"it-IT\",\"potentialAction\":[{\"@type\":\"ReadAction\",\"target\":[\"https:\/\/www.iocentro.it\/index.php\/guardamifuori\/\"]}]},{\"@type\":\"BreadcrumbList\",\"@id\":\"https:\/\/www.iocentro.it\/index.php\/guardamifuori\/#breadcrumb\",\"itemListElement\":[{\"@type\":\"ListItem\",\"position\":1,\"name\":\"Home\",\"item\":\"https:\/\/www.iocentro.it\/\"},{\"@type\":\"ListItem\",\"position\":2,\"name\":\"GUARDAMI FUORI NON GUARDARMI DENTRO\"}]},{\"@type\":\"WebSite\",\"@id\":\"https:\/\/www.iocentro.it\/#website\",\"url\":\"https:\/\/www.iocentro.it\/\",\"name\":\"IO CENTRO ETS\",\"description\":\"\",\"publisher\":{\"@id\":\"https:\/\/www.iocentro.it\/#organization\"},\"potentialAction\":[{\"@type\":\"SearchAction\",\"target\":{\"@type\":\"EntryPoint\",\"urlTemplate\":\"https:\/\/www.iocentro.it\/?s={search_term_string}\"},\"query-input\":\"required name=search_term_string\"}],\"inLanguage\":\"it-IT\"},{\"@type\":\"Organization\",\"@id\":\"https:\/\/www.iocentro.it\/#organization\",\"name\":\"Il Centro Onlus\",\"url\":\"https:\/\/www.iocentro.it\/\",\"logo\":{\"@type\":\"ImageObject\",\"inLanguage\":\"it-IT\",\"@id\":\"https:\/\/www.iocentro.it\/#\/schema\/logo\/image\/\",\"url\":\"https:\/\/i0.wp.com\/www.iocentro.it\/wp-content\/uploads\/2016\/11\/11752500_864253846944141_6257452516392300229_n.jpg?fit=200%2C200&ssl=1\",\"contentUrl\":\"https:\/\/i0.wp.com\/www.iocentro.it\/wp-content\/uploads\/2016\/11\/11752500_864253846944141_6257452516392300229_n.jpg?fit=200%2C200&ssl=1\",\"width\":200,\"height\":200,\"caption\":\"Il Centro Onlus\"},\"image\":{\"@id\":\"https:\/\/www.iocentro.it\/#\/schema\/logo\/image\/\"}}]}<\/script>\r\n<!-- \/ Yoast SEO plugin. -->","yoast_head_json":{"title":"Guardami fuori, non guardarmi dentro - Mostra fotografica","description":"Mostra fotografica sul tatuaggio e sul corpo tatuato. Mostrare raccontarsi senza svelarsi troppo. Nuovo Cinema Palazzo, San Lorenzo, Roma.","robots":{"index":"index","follow":"follow","max-snippet":"max-snippet:-1","max-image-preview":"max-image-preview:large","max-video-preview":"max-video-preview:-1"},"canonical":"https:\/\/www.iocentro.it\/index.php\/guardamifuori\/","og_locale":"it_IT","og_type":"article","og_title":"Guardami fuori, non guardarmi dentro - Mostra fotografica","og_description":"Mostra fotografica sul tatuaggio e sul corpo tatuato. Mostrare raccontarsi senza svelarsi troppo. Nuovo Cinema Palazzo, San Lorenzo, Roma.","og_url":"https:\/\/www.iocentro.it\/index.php\/guardamifuori\/","og_site_name":"IO CENTRO ETS","article_modified_time":"2019-03-20T14:14:00+00:00","og_image":[{"url":"http:\/\/www.iocentro.it\/wp-content\/uploads\/2017\/05\/mostra7320-213x300.jpg"}],"twitter_card":"summary_large_image","twitter_misc":{"Tempo di lettura stimato":"1 minuto"},"schema":{"@context":"https:\/\/schema.org","@graph":[{"@type":"WebPage","@id":"https:\/\/www.iocentro.it\/index.php\/guardamifuori\/","url":"https:\/\/www.iocentro.it\/index.php\/guardamifuori\/","name":"Guardami fuori, non guardarmi dentro - Mostra fotografica","isPartOf":{"@id":"https:\/\/www.iocentro.it\/#website"},"datePublished":"2017-05-15T11:17:58+00:00","dateModified":"2019-03-20T14:14:00+00:00","description":"Mostra fotografica sul tatuaggio e sul corpo tatuato. Mostrare raccontarsi senza svelarsi troppo. Nuovo Cinema Palazzo, San Lorenzo, Roma.","breadcrumb":{"@id":"https:\/\/www.iocentro.it\/index.php\/guardamifuori\/#breadcrumb"},"inLanguage":"it-IT","potentialAction":[{"@type":"ReadAction","target":["https:\/\/www.iocentro.it\/index.php\/guardamifuori\/"]}]},{"@type":"BreadcrumbList","@id":"https:\/\/www.iocentro.it\/index.php\/guardamifuori\/#breadcrumb","itemListElement":[{"@type":"ListItem","position":1,"name":"Home","item":"https:\/\/www.iocentro.it\/"},{"@type":"ListItem","position":2,"name":"GUARDAMI FUORI NON GUARDARMI DENTRO"}]},{"@type":"WebSite","@id":"https:\/\/www.iocentro.it\/#website","url":"https:\/\/www.iocentro.it\/","name":"IO CENTRO ETS","description":"","publisher":{"@id":"https:\/\/www.iocentro.it\/#organization"},"potentialAction":[{"@type":"SearchAction","target":{"@type":"EntryPoint","urlTemplate":"https:\/\/www.iocentro.it\/?s={search_term_string}"},"query-input":"required name=search_term_string"}],"inLanguage":"it-IT"},{"@type":"Organization","@id":"https:\/\/www.iocentro.it\/#organization","name":"Il Centro Onlus","url":"https:\/\/www.iocentro.it\/","logo":{"@type":"ImageObject","inLanguage":"it-IT","@id":"https:\/\/www.iocentro.it\/#\/schema\/logo\/image\/","url":"https:\/\/i0.wp.com\/www.iocentro.it\/wp-content\/uploads\/2016\/11\/11752500_864253846944141_6257452516392300229_n.jpg?fit=200%2C200&ssl=1","contentUrl":"https:\/\/i0.wp.com\/www.iocentro.it\/wp-content\/uploads\/2016\/11\/11752500_864253846944141_6257452516392300229_n.jpg?fit=200%2C200&ssl=1","width":200,"height":200,"caption":"Il Centro Onlus"},"image":{"@id":"https:\/\/www.iocentro.it\/#\/schema\/logo\/image\/"}}]}},"jetpack_sharing_enabled":true,"jetpack_shortlink":"https:\/\/wp.me\/P8kDNl-5c","jetpack-related-posts":[{"id":200,"url":"https:\/\/www.iocentro.it\/index.php\/testimonianze\/","url_meta":{"origin":322,"position":0},"title":"Testimonianze","date":false,"format":false,"excerpt":"\u00a0 Io continuo a far passare le mie\u00a0giornate convinto del fatto che sono vicino alla m\u00e8ta ed in me c\u2019\u00e8 la certezza di essere quasi arrivato. Questo mi rende fiero, ma sento che mi manca qualcosa: la libert\u00e0. Ho iniziato questa giornata veramente col malumore, ma veramente devo dire che\u2026","rel":"","context":"Articolo simile","img":{"alt_text":"","src":"https:\/\/i0.wp.com\/www.iocentro.it\/wp-content\/uploads\/2017\/05\/2017-15-6-17-33-03-300x225.jpeg?resize=350%2C200","width":350,"height":200},"classes":[]},{"id":406,"url":"https:\/\/www.iocentro.it\/index.php\/centro-tutti-centriamo\/","url_meta":{"origin":322,"position":1},"title":"Io c&#8217;entro, tutti c&#8217;entriamo!","date":false,"format":false,"excerpt":"Verso un'ecologia della mente solidale Abitiamo questo pianeta da millenni e stiamo solo crescendo numericamente. Lo occuperemo fino a farlo scoppiare. Per avere pi\u00f9 spazio non servir\u00e0 sgomitare sullo stomaco dell'altro. Abitare uno spazio non significher\u00e0 mai occuparlo, ma farselo proprio, sentirlo ed amarlo. Una mente sola pu\u00f2 solo tentare\u2026","rel":"","context":"Articolo simile","img":{"alt_text":"","src":"https:\/\/i0.wp.com\/www.iocentro.it\/wp-content\/uploads\/2019\/03\/Il-centro-Onlus-Centro-Permanente-di-Prevenzione-alle-Tossicodipendenze-2-1-300x300.png?resize=350%2C200","width":350,"height":200},"classes":[]},{"id":20,"url":"https:\/\/www.iocentro.it\/index.php\/la-nostra-storia\/","url_meta":{"origin":322,"position":2},"title":"La Nostra Storia","date":false,"format":false,"excerpt":"Il Centro lavora da 39 anni a contatto con il disagio giovanile, con particolare attenzione ai problemi della tossicodipendenza e della devianza. Quando Casal Bertone diventa un quartiere caldo in cui il fenomeno droga appena emergente si connota come un problema drammaticamente visibile, alcuni genitori del quartiere decidono di non\u2026","rel":"","context":"Articolo simile","img":{"alt_text":"","src":"https:\/\/i0.wp.com\/www.iocentro.it\/wp-content\/uploads\/2019\/03\/Il-centro-Onlus-Centro-Permanente-di-Prevenzione-alle-Tossicodipendenze-2-2-200x300.png?resize=350%2C200","width":350,"height":200},"classes":[]},{"id":626,"url":"https:\/\/www.iocentro.it\/index.php\/centro-clinico-blu-klein\/","url_meta":{"origin":322,"position":3},"title":"Centro Clinico Blu Klein","date":false,"format":false,"excerpt":"Nel 2015, come Servizio aggiuntivo al nostro Centro, nasce il\u00a0Centro Clinico Blu Klein. L'obiettivo del Centro Clinico \u00e8 quello di rispondere alle molteplici esigenze di intervento psicosociale che vanno oltre i servizi offerti dalla comunit\u00e0 e di offrire un sostegno psicologico a prezzi contenuti, rendendo cos\u00ec il benessere psicologico e\u2026","rel":"","context":"Articolo simile","img":{"alt_text":"","src":"","width":0,"height":0},"classes":[]},{"id":614,"url":"https:\/\/www.iocentro.it\/index.php\/tirocini-formativi\/","url_meta":{"origin":322,"position":4},"title":"Tirocini formativi","date":false,"format":false,"excerpt":"Il Centro \u00e8 convenzionato con le Facolt\u00e0 di Psicologia di diverse Universit\u00e0 per lo svolgimento del tirocinio formativo post lauream. In particolare, sono convenzionati 3 posti a semestre con l'Universit\u00e0 \"Sapienza\" di Roma. Presso Il Centro \u00e8 possibile effettuare inoltre il tirocinio formativo per la Scuola di specializzazione in psicoterapia.\u2026","rel":"","context":"Articolo simile","img":{"alt_text":"","src":"","width":0,"height":0},"classes":[]},{"id":808,"url":"https:\/\/www.iocentro.it\/index.php\/lo-staff\/","url_meta":{"origin":322,"position":5},"title":"Lo Staff","date":false,"format":false,"excerpt":"Un'equipe che da molti anni lavora con\u00a0professionalit\u00e0\u00a0e\u00a0passione\u00a0nell'ambito delle dipendenze e del disagio psicosociale, in stretta collaborazione con i Servizi territoriali Lo Staff: Vincenzo Grenci \u25cf Psicoterapeuta Paola Rea \u25cf Psicoterapeuta Gianluca Di Monte \u25cf Psicoterapeuta Giulio Perelli \u25cf Educatore e Psicologo Benedetta Iacaroni \u25cf Psicoterapeuta Gruppo Famiglia Federica Raimondo \u25cf\u2026","rel":"","context":"Articolo simile","img":{"alt_text":"","src":"https:\/\/i0.wp.com\/www.iocentro.it\/wp-content\/uploads\/2019\/03\/Il-centro-Onlus-Centro-Permanente-di-Prevenzione-alle-Tossicodipendenze-3-300x300.png?resize=350%2C200","width":350,"height":200},"classes":[]}],"_links":{"self":[{"href":"https:\/\/www.iocentro.it\/index.php\/wp-json\/wp\/v2\/pages\/322"}],"collection":[{"href":"https:\/\/www.iocentro.it\/index.php\/wp-json\/wp\/v2\/pages"}],"about":[{"href":"https:\/\/www.iocentro.it\/index.php\/wp-json\/wp\/v2\/types\/page"}],"author":[{"embeddable":true,"href":"https:\/\/www.iocentro.it\/index.php\/wp-json\/wp\/v2\/users\/5"}],"replies":[{"embeddable":true,"href":"https:\/\/www.iocentro.it\/index.php\/wp-json\/wp\/v2\/comments?post=322"}],"version-history":[{"count":15,"href":"https:\/\/www.iocentro.it\/index.php\/wp-json\/wp\/v2\/pages\/322\/revisions"}],"predecessor-version":[{"id":733,"href":"https:\/\/www.iocentro.it\/index.php\/wp-json\/wp\/v2\/pages\/322\/revisions\/733"}],"wp:attachment":[{"href":"https:\/\/www.iocentro.it\/index.php\/wp-json\/wp\/v2\/media?parent=322"}],"curies":[{"name":"wp","href":"https:\/\/api.w.org\/{rel}","templated":true}]}}