{"id":614,"date":"2019-03-07T15:45:31","date_gmt":"2019-03-07T14:45:31","guid":{"rendered":"http:\/\/www.iocentro.it\/?page_id=614"},"modified":"2019-06-22T10:05:43","modified_gmt":"2019-06-22T08:05:43","slug":"tirocini-formativi","status":"publish","type":"page","link":"https:\/\/www.iocentro.it\/index.php\/tirocini-formativi\/","title":{"rendered":"Tirocini formativi"},"content":{"rendered":"\n<p><p style=\"text-align: justify;\">Il Centro \u00e8 convenzionato con le <strong>Facolt\u00e0 di Psicologia<\/strong> di diverse Universit\u00e0 per lo svolgimento del tirocinio formativo post lauream. In particolare, sono convenzionati 3 posti a semestre con l&#8217;Universit\u00e0 &#8220;Sapienza&#8221; di Roma.<\/p><\/p>\n\n\n\n<p><p style=\"text-align: justify;\">Presso Il Centro \u00e8 possibile effettuare inoltre il tirocinio formativo per la <strong>Scuola di specializzazione in psicoterapia<\/strong>. Per sapere se la tua Scuola \u00e8 gi\u00e0 convenzionata, per stipulare la convenzione o per conoscere la disponibilit\u00e0 di posti contattaci per e-mail a:&nbsp;<a href=\"ilcentroonlus@gmail.com\">ilcentroonlus@gmail.com<\/a> o telefonicamente allo 06 4382379 (dal luned\u00ec al venerd\u00ec, ore 9.00\/18.00).<\/p><\/p>\n\n\n\n<p>Tutor e Supervisore: Dr. Vincenzo Grenci<\/p>\n\n\n\n<p>Info: Dr. Gianluca Di Monte <br><\/p>\n","protected":false},"excerpt":{"rendered":"<p>Il Centro \u00e8 convenzionato con le Facolt\u00e0 di Psicologia di diverse Universit\u00e0 per lo svolgimento del tirocinio formativo post lauream. In particolare, sono convenzionati 3 posti a semestre con l&#8217;Universit\u00e0 &#8220;Sapienza&#8221; di Roma. Presso&#46;&#46;&#46;<\/p>\n","protected":false},"author":4,"featured_media":0,"parent":0,"menu_order":0,"comment_status":"closed","ping_status":"closed","template":"","meta":{"jetpack_post_was_ever_published":false},"yoast_head":"<!-- This site is optimized with the Yoast SEO plugin v20.4 - https:\/\/yoast.com\/wordpress\/plugins\/seo\/ -->\r\n<title>Tirocini formativi - IO CENTRO ETS<\/title>\r\n<meta name=\"robots\" content=\"index, follow, max-snippet:-1, max-image-preview:large, max-video-preview:-1\" \/>\r\n<link rel=\"canonical\" href=\"https:\/\/www.iocentro.it\/index.php\/tirocini-formativi\/\" \/>\r\n<meta property=\"og:locale\" content=\"it_IT\" \/>\r\n<meta property=\"og:type\" content=\"article\" \/>\r\n<meta property=\"og:title\" content=\"Tirocini formativi - IO CENTRO ETS\" \/>\r\n<meta property=\"og:description\" content=\"Il Centro \u00e8 convenzionato con le Facolt\u00e0 di Psicologia di diverse Universit\u00e0 per lo svolgimento del tirocinio formativo post lauream. In particolare, sono convenzionati 3 posti a semestre con l&#8217;Universit\u00e0 &#8220;Sapienza&#8221; di Roma. Presso&#046;&#046;&#046;\" \/>\r\n<meta property=\"og:url\" content=\"https:\/\/www.iocentro.it\/index.php\/tirocini-formativi\/\" \/>\r\n<meta property=\"og:site_name\" content=\"IO CENTRO ETS\" \/>\r\n<meta property=\"article:modified_time\" content=\"2019-06-22T08:05:43+00:00\" \/>\r\n<meta name=\"twitter:card\" content=\"summary_large_image\" \/>\r\n<script type=\"application\/ld+json\" class=\"yoast-schema-graph\">{\"@context\":\"https:\/\/schema.org\",\"@graph\":[{\"@type\":\"WebPage\",\"@id\":\"https:\/\/www.iocentro.it\/index.php\/tirocini-formativi\/\",\"url\":\"https:\/\/www.iocentro.it\/index.php\/tirocini-formativi\/\",\"name\":\"Tirocini formativi - IO CENTRO ETS\",\"isPartOf\":{\"@id\":\"https:\/\/www.iocentro.it\/#website\"},\"datePublished\":\"2019-03-07T14:45:31+00:00\",\"dateModified\":\"2019-06-22T08:05:43+00:00\",\"breadcrumb\":{\"@id\":\"https:\/\/www.iocentro.it\/index.php\/tirocini-formativi\/#breadcrumb\"},\"inLanguage\":\"it-IT\",\"potentialAction\":[{\"@type\":\"ReadAction\",\"target\":[\"https:\/\/www.iocentro.it\/index.php\/tirocini-formativi\/\"]}]},{\"@type\":\"BreadcrumbList\",\"@id\":\"https:\/\/www.iocentro.it\/index.php\/tirocini-formativi\/#breadcrumb\",\"itemListElement\":[{\"@type\":\"ListItem\",\"position\":1,\"name\":\"Home\",\"item\":\"https:\/\/www.iocentro.it\/\"},{\"@type\":\"ListItem\",\"position\":2,\"name\":\"Tirocini formativi\"}]},{\"@type\":\"WebSite\",\"@id\":\"https:\/\/www.iocentro.it\/#website\",\"url\":\"https:\/\/www.iocentro.it\/\",\"name\":\"IO CENTRO ETS\",\"description\":\"\",\"publisher\":{\"@id\":\"https:\/\/www.iocentro.it\/#organization\"},\"potentialAction\":[{\"@type\":\"SearchAction\",\"target\":{\"@type\":\"EntryPoint\",\"urlTemplate\":\"https:\/\/www.iocentro.it\/?s={search_term_string}\"},\"query-input\":\"required name=search_term_string\"}],\"inLanguage\":\"it-IT\"},{\"@type\":\"Organization\",\"@id\":\"https:\/\/www.iocentro.it\/#organization\",\"name\":\"Il Centro Onlus\",\"url\":\"https:\/\/www.iocentro.it\/\",\"logo\":{\"@type\":\"ImageObject\",\"inLanguage\":\"it-IT\",\"@id\":\"https:\/\/www.iocentro.it\/#\/schema\/logo\/image\/\",\"url\":\"https:\/\/i0.wp.com\/www.iocentro.it\/wp-content\/uploads\/2016\/11\/11752500_864253846944141_6257452516392300229_n.jpg?fit=200%2C200&ssl=1\",\"contentUrl\":\"https:\/\/i0.wp.com\/www.iocentro.it\/wp-content\/uploads\/2016\/11\/11752500_864253846944141_6257452516392300229_n.jpg?fit=200%2C200&ssl=1\",\"width\":200,\"height\":200,\"caption\":\"Il Centro Onlus\"},\"image\":{\"@id\":\"https:\/\/www.iocentro.it\/#\/schema\/logo\/image\/\"}}]}<\/script>\r\n<!-- \/ Yoast SEO plugin. -->","yoast_head_json":{"title":"Tirocini formativi - IO CENTRO ETS","robots":{"index":"index","follow":"follow","max-snippet":"max-snippet:-1","max-image-preview":"max-image-preview:large","max-video-preview":"max-video-preview:-1"},"canonical":"https:\/\/www.iocentro.it\/index.php\/tirocini-formativi\/","og_locale":"it_IT","og_type":"article","og_title":"Tirocini formativi - IO CENTRO ETS","og_description":"Il Centro \u00e8 convenzionato con le Facolt\u00e0 di Psicologia di diverse Universit\u00e0 per lo svolgimento del tirocinio formativo post lauream. In particolare, sono convenzionati 3 posti a semestre con l&#8217;Universit\u00e0 &#8220;Sapienza&#8221; di Roma. Presso&#46;&#46;&#46;","og_url":"https:\/\/www.iocentro.it\/index.php\/tirocini-formativi\/","og_site_name":"IO CENTRO ETS","article_modified_time":"2019-06-22T08:05:43+00:00","twitter_card":"summary_large_image","schema":{"@context":"https:\/\/schema.org","@graph":[{"@type":"WebPage","@id":"https:\/\/www.iocentro.it\/index.php\/tirocini-formativi\/","url":"https:\/\/www.iocentro.it\/index.php\/tirocini-formativi\/","name":"Tirocini formativi - IO CENTRO ETS","isPartOf":{"@id":"https:\/\/www.iocentro.it\/#website"},"datePublished":"2019-03-07T14:45:31+00:00","dateModified":"2019-06-22T08:05:43+00:00","breadcrumb":{"@id":"https:\/\/www.iocentro.it\/index.php\/tirocini-formativi\/#breadcrumb"},"inLanguage":"it-IT","potentialAction":[{"@type":"ReadAction","target":["https:\/\/www.iocentro.it\/index.php\/tirocini-formativi\/"]}]},{"@type":"BreadcrumbList","@id":"https:\/\/www.iocentro.it\/index.php\/tirocini-formativi\/#breadcrumb","itemListElement":[{"@type":"ListItem","position":1,"name":"Home","item":"https:\/\/www.iocentro.it\/"},{"@type":"ListItem","position":2,"name":"Tirocini formativi"}]},{"@type":"WebSite","@id":"https:\/\/www.iocentro.it\/#website","url":"https:\/\/www.iocentro.it\/","name":"IO CENTRO ETS","description":"","publisher":{"@id":"https:\/\/www.iocentro.it\/#organization"},"potentialAction":[{"@type":"SearchAction","target":{"@type":"EntryPoint","urlTemplate":"https:\/\/www.iocentro.it\/?s={search_term_string}"},"query-input":"required name=search_term_string"}],"inLanguage":"it-IT"},{"@type":"Organization","@id":"https:\/\/www.iocentro.it\/#organization","name":"Il Centro Onlus","url":"https:\/\/www.iocentro.it\/","logo":{"@type":"ImageObject","inLanguage":"it-IT","@id":"https:\/\/www.iocentro.it\/#\/schema\/logo\/image\/","url":"https:\/\/i0.wp.com\/www.iocentro.it\/wp-content\/uploads\/2016\/11\/11752500_864253846944141_6257452516392300229_n.jpg?fit=200%2C200&ssl=1","contentUrl":"https:\/\/i0.wp.com\/www.iocentro.it\/wp-content\/uploads\/2016\/11\/11752500_864253846944141_6257452516392300229_n.jpg?fit=200%2C200&ssl=1","width":200,"height":200,"caption":"Il Centro Onlus"},"image":{"@id":"https:\/\/www.iocentro.it\/#\/schema\/logo\/image\/"}}]}},"jetpack_sharing_enabled":true,"jetpack_shortlink":"https:\/\/wp.me\/P8kDNl-9U","jetpack-related-posts":[{"id":626,"url":"https:\/\/www.iocentro.it\/index.php\/centro-clinico-blu-klein\/","url_meta":{"origin":614,"position":0},"title":"Centro Clinico Blu Klein","date":false,"format":false,"excerpt":"Nel 2015, come Servizio aggiuntivo al nostro Centro, nasce il\u00a0Centro Clinico Blu Klein. L'obiettivo del Centro Clinico \u00e8 quello di rispondere alle molteplici esigenze di intervento psicosociale che vanno oltre i servizi offerti dalla comunit\u00e0 e di offrire un sostegno psicologico a prezzi contenuti, rendendo cos\u00ec il benessere psicologico e\u2026","rel":"","context":"Articolo simile","img":{"alt_text":"","src":"","width":0,"height":0},"classes":[]},{"id":20,"url":"https:\/\/www.iocentro.it\/index.php\/la-nostra-storia\/","url_meta":{"origin":614,"position":1},"title":"La Nostra Storia","date":false,"format":false,"excerpt":"Il Centro lavora da 39 anni a contatto con il disagio giovanile, con particolare attenzione ai problemi della tossicodipendenza e della devianza. Quando Casal Bertone diventa un quartiere caldo in cui il fenomeno droga appena emergente si connota come un problema drammaticamente visibile, alcuni genitori del quartiere decidono di non\u2026","rel":"","context":"Articolo simile","img":{"alt_text":"","src":"https:\/\/i0.wp.com\/www.iocentro.it\/wp-content\/uploads\/2019\/03\/Il-centro-Onlus-Centro-Permanente-di-Prevenzione-alle-Tossicodipendenze-2-2-200x300.png?resize=350%2C200","width":350,"height":200},"classes":[]},{"id":406,"url":"https:\/\/www.iocentro.it\/index.php\/centro-tutti-centriamo\/","url_meta":{"origin":614,"position":2},"title":"Io c&#8217;entro, tutti c&#8217;entriamo!","date":false,"format":false,"excerpt":"Verso un'ecologia della mente solidale Abitiamo questo pianeta da millenni e stiamo solo crescendo numericamente. Lo occuperemo fino a farlo scoppiare. Per avere pi\u00f9 spazio non servir\u00e0 sgomitare sullo stomaco dell'altro. Abitare uno spazio non significher\u00e0 mai occuparlo, ma farselo proprio, sentirlo ed amarlo. Una mente sola pu\u00f2 solo tentare\u2026","rel":"","context":"Articolo simile","img":{"alt_text":"","src":"https:\/\/i0.wp.com\/www.iocentro.it\/wp-content\/uploads\/2019\/03\/Il-centro-Onlus-Centro-Permanente-di-Prevenzione-alle-Tossicodipendenze-2-1-300x300.png?resize=350%2C200","width":350,"height":200},"classes":[]},{"id":81,"url":"https:\/\/www.iocentro.it\/index.php\/servizi\/","url_meta":{"origin":614,"position":3},"title":"Servizi","date":false,"format":false,"excerpt":"Psicoterapia (individuale, di coppia, di gruppo) Sostegno alla genitorialit\u00e0 e familiare Servizio di psicodiagnostica Consulenza e orientamento psicologico Progetti terapeutici diurni (Servizio Accreditato Regione Lazio N. 8 Posti) Progetti formativi rivolti ad enti pubblici e privati Supervisione clinica","rel":"","context":"Articolo simile","img":{"alt_text":"","src":"","width":0,"height":0},"classes":[]},{"id":200,"url":"https:\/\/www.iocentro.it\/index.php\/testimonianze\/","url_meta":{"origin":614,"position":4},"title":"Testimonianze","date":false,"format":false,"excerpt":"\u00a0 Io continuo a far passare le mie\u00a0giornate convinto del fatto che sono vicino alla m\u00e8ta ed in me c\u2019\u00e8 la certezza di essere quasi arrivato. Questo mi rende fiero, ma sento che mi manca qualcosa: la libert\u00e0. Ho iniziato questa giornata veramente col malumore, ma veramente devo dire che\u2026","rel":"","context":"Articolo simile","img":{"alt_text":"","src":"https:\/\/i0.wp.com\/www.iocentro.it\/wp-content\/uploads\/2017\/05\/2017-15-6-17-33-03-300x225.jpeg?resize=350%2C200","width":350,"height":200},"classes":[]},{"id":15,"url":"https:\/\/www.iocentro.it\/","url_meta":{"origin":614,"position":5},"title":"IO CENTRO ETS","date":false,"format":false,"excerpt":"IO CENTRO ETS","rel":"","context":"Articolo simile","img":{"alt_text":"","src":"","width":0,"height":0},"classes":[]}],"_links":{"self":[{"href":"https:\/\/www.iocentro.it\/index.php\/wp-json\/wp\/v2\/pages\/614"}],"collection":[{"href":"https:\/\/www.iocentro.it\/index.php\/wp-json\/wp\/v2\/pages"}],"about":[{"href":"https:\/\/www.iocentro.it\/index.php\/wp-json\/wp\/v2\/types\/page"}],"author":[{"embeddable":true,"href":"https:\/\/www.iocentro.it\/index.php\/wp-json\/wp\/v2\/users\/4"}],"replies":[{"embeddable":true,"href":"https:\/\/www.iocentro.it\/index.php\/wp-json\/wp\/v2\/comments?post=614"}],"version-history":[{"count":5,"href":"https:\/\/www.iocentro.it\/index.php\/wp-json\/wp\/v2\/pages\/614\/revisions"}],"predecessor-version":[{"id":858,"href":"https:\/\/www.iocentro.it\/index.php\/wp-json\/wp\/v2\/pages\/614\/revisions\/858"}],"wp:attachment":[{"href":"https:\/\/www.iocentro.it\/index.php\/wp-json\/wp\/v2\/media?parent=614"}],"curies":[{"name":"wp","href":"https:\/\/api.w.org\/{rel}","templated":true}]}}

<p><p style="text-align: justify;">Il Centro è convenzionato con le <strong>Facoltà di Psicologia</strong> di diverse Università per lo svolgimento del tirocinio formativo post lauream. In particolare, sono convenzionati 3 posti a semestre con l&#8217;Università &#8220;Sapienza&#8221; di Roma.</p></p>



<p><p style="text-align: justify;">Presso Il Centro è possibile effettuare inoltre il tirocinio formativo per la <strong>Scuola di specializzazione in psicoterapia</strong>. Per sapere se la tua Scuola è già convenzionata, per stipulare la convenzione o per conoscere la disponibilità di posti contattaci per e-mail a:&nbsp;<a href="ilcentroonlus@gmail.com">ilcentroonlus@gmail.com</a> o telefonicamente allo 06 4382379 (dal lunedì al venerdì, ore 9.00/18.00).</p></p>



<p>Tutor e Supervisore: Dr. Vincenzo Grenci</p>



<p>Info: Dr. Gianluca Di Monte <br></p>

<p>Il Centro è convenzionato con le Facoltà di Psicologia di diverse Università per lo svolgimento del tirocinio formativo post lauream. In particolare, sono convenzionati 3 posti a semestre con l&#8217;Università &#8220;Sapienza&#8221; di Roma. Presso&#46;&#46;&#46;</p>

<!-- This site is optimized with the Yoast SEO plugin v20.4 - https://yoast.com/wordpress/plugins/seo/ -->
<title>Tirocini formativi - IO CENTRO ETS</title>
<meta name="robots" content="index, follow, max-snippet:-1, max-image-preview:large, max-video-preview:-1" />
<link rel="canonical" href="https://www.iocentro.it/index.php/tirocini-formativi/" />
<meta property="og:locale" content="it_IT" />
<meta property="og:type" content="article" />
<meta property="og:title" content="Tirocini formativi - IO CENTRO ETS" />
<meta property="og:description" content="Il Centro è convenzionato con le Facoltà di Psicologia di diverse Università per lo svolgimento del tirocinio formativo post lauream. In particolare, sono convenzionati 3 posti a semestre con l&#8217;Università &#8220;Sapienza&#8221; di Roma. Presso&#046;&#046;&#046;" />
<meta property="og:url" content="https://www.iocentro.it/index.php/tirocini-formativi/" />
<meta property="og:site_name" content="IO CENTRO ETS" />
<meta property="article:modified_time" content="2019-06-22T08:05:43+00:00" />
<meta name="twitter:card" content="summary_large_image" />
<script type="application/ld+json" class="yoast-schema-graph">{"@context":"https://schema.org","@graph":[{"@type":"WebPage","@id":"https://www.iocentro.it/index.php/tirocini-formativi/","url":"https://www.iocentro.it/index.php/tirocini-formativi/","name":"Tirocini formativi - IO CENTRO ETS","isPartOf":{"@id":"https://www.iocentro.it/#website"},"datePublished":"2019-03-07T14:45:31+00:00","dateModified":"2019-06-22T08:05:43+00:00","breadcrumb":{"@id":"https://www.iocentro.it/index.php/tirocini-formativi/#breadcrumb"},"inLanguage":"it-IT","potentialAction":[{"@type":"ReadAction","target":["https://www.iocentro.it/index.php/tirocini-formativi/"]}]},{"@type":"BreadcrumbList","@id":"https://www.iocentro.it/index.php/tirocini-formativi/#breadcrumb","itemListElement":[{"@type":"ListItem","position":1,"name":"Home","item":"https://www.iocentro.it/"},{"@type":"ListItem","position":2,"name":"Tirocini formativi"}]},{"@type":"WebSite","@id":"https://www.iocentro.it/#website","url":"https://www.iocentro.it/","name":"IO CENTRO ETS","description":"","publisher":{"@id":"https://www.iocentro.it/#organization"},"potentialAction":[{"@type":"SearchAction","target":{"@type":"EntryPoint","urlTemplate":"https://www.iocentro.it/?s={search_term_string}"},"query-input":"required name=search_term_string"}],"inLanguage":"it-IT"},{"@type":"Organization","@id":"https://www.iocentro.it/#organization","name":"Il Centro Onlus","url":"https://www.iocentro.it/","logo":{"@type":"ImageObject","inLanguage":"it-IT","@id":"https://www.iocentro.it/#/schema/logo/image/","url":"https://i0.wp.com/www.iocentro.it/wp-content/uploads/2016/11/11752500_864253846944141_6257452516392300229_n.jpg?fit=200%2C200&ssl=1","contentUrl":"https://i0.wp.com/www.iocentro.it/wp-content/uploads/2016/11/11752500_864253846944141_6257452516392300229_n.jpg?fit=200%2C200&ssl=1","width":200,"height":200,"caption":"Il Centro Onlus"},"image":{"@id":"https://www.iocentro.it/#/schema/logo/image/"}}]}</script>
<!-- / Yoast SEO plugin. -->

Il Centro è convenzionato con le Facoltà di Psicologia di diverse Università per lo svolgimento del tirocinio formativo post lauream. In particolare, sono convenzionati 3 posti a semestre con l&#8217;Università &#8220;Sapienza&#8221; di Roma. Presso&#46;&#46;&#46;

Nel 2015, come Servizio aggiuntivo al nostro Centro, nasce il Centro Clinico Blu Klein. L'obiettivo del Centro Clinico è quello di rispondere alle molteplici esigenze di intervento psicosociale che vanno oltre i servizi offerti dalla comunità e di offrire un sostegno psicologico a prezzi contenuti, rendendo così il benessere psicologico e…

Verso un'ecologia della mente solidale Abitiamo questo pianeta da millenni e stiamo solo crescendo numericamente. Lo occuperemo fino a farlo scoppiare. Per avere più spazio non servirà sgomitare sullo stomaco dell'altro. Abitare uno spazio non significherà mai occuparlo, ma farselo proprio, sentirlo ed amarlo. Una mente sola può solo tentare…

Psicoterapia (individuale, di coppia, di gruppo) Sostegno alla genitorialità e familiare Servizio di psicodiagnostica Consulenza e orientamento psicologico Progetti terapeutici diurni (Servizio Accreditato Regione Lazio N. 8 Posti) Progetti formativi rivolti ad enti pubblici e privati Supervisione clinica

Io continuo a far passare le mie giornate convinto del fatto che sono vicino alla mèta ed in me c’è la certezza di essere quasi arrivato. Questo mi rende fiero, ma sento che mi manca qualcosa: la libertà. Ho iniziato questa giornata veramente col malumore, ma veramente devo dire che…
